{"id":18,"date":"2018-02-21T23:29:17","date_gmt":"2018-02-21T21:29:17","guid":{"rendered":"http:\/\/www.dafita.com\/?page_id=18"},"modified":"2018-02-21T23:48:50","modified_gmt":"2018-02-21T21:48:50","slug":"kurumsal","status":"publish","type":"page","link":"https:\/\/www.dafita.com\/index.php\/kurumsal\/","title":{"rendered":"Kurumsal"},"content":{"rendered":"<p>[vc_row rt_row_background_width=&#8221;fullwidth&#8221; rt_row_content_width=&#8221;default&#8221; rt_row_style=&#8221;alt-style-2&#8243; rt_row_borders=&#8221;&#8221; rt_row_shadows=&#8221;&#8221; rt_row_paddings=&#8221;true&#8221; rt_bg_effect=&#8221;parallax&#8221; rt_bg_parallax_effect=&#8221;1&#8243; rt_bg_image_repeat=&#8221;repeat&#8221; rt_bg_size=&#8221;cover&#8221; rt_bg_position=&#8221;center top&#8221; rt_bg_video_format=&#8221;self-hosted&#8221; rt_bg_image=&#8221;35&#8243; rt_padding_top=&#8221;190&#8243; rt_padding_bottom=&#8221;0&#8243;][vc_column width=&#8221;1\/2&#8243; rt_column_shadow=&#8221;&#8221; rt_bg_image_repeat=&#8221;repeat&#8221; rt_bg_size=&#8221;auto auto&#8221; rt_bg_attachment=&#8221;scroll&#8221;][vc_empty_space height=&#8221;90px&#8221;]<div class=\"rt_heading_wrapper style-1\">\n\t\t\t\t\t\t<h1 class=\"rt_heading  style-1\"  style=\"font-size:65px;line-height:65px;letter-spacing:2px;\"><span class=\"icon-quote-right heading_icon\"><\/span>Hakk\u0131m\u0131zda<\/h1>\n\t\t\t\t\t<\/div>[\/vc_column][vc_column width=&#8221;1\/2&#8243; rt_column_shadow=&#8221;&#8221; rt_bg_image_repeat=&#8221;repeat&#8221; rt_bg_size=&#8221;auto auto&#8221; rt_bg_attachment=&#8221;scroll&#8221;][vc_column_text][\/vc_column_text][\/vc_column][\/vc_row][vc_row rt_row_background_width=&#8221;fullwidth&#8221; rt_row_content_width=&#8221;default&#8221; rt_row_style=&#8221;default-style&#8221; rt_row_borders=&#8221;&#8221; rt_row_shadows=&#8221;&#8221; rt_row_paddings=&#8221;true&#8221; rt_bg_effect=&#8221;classic&#8221; rt_bg_image_repeat=&#8221;repeat&#8221; rt_bg_size=&#8221;cover&#8221; rt_bg_position=&#8221;right top&#8221; rt_bg_attachment=&#8221;scroll&#8221; rt_bg_video_format=&#8221;self-hosted&#8221; rt_padding_bottom=&#8221;160&#8243;][vc_column width=&#8221;1\/2&#8243; rt_column_shadow=&#8221;&#8221; rt_bg_image_repeat=&#8221;repeat&#8221; rt_bg_size=&#8221;auto auto&#8221; rt_bg_attachment=&#8221;scroll&#8221;][vc_column_text]Dafita Mutfak Banyo, sizlere \u00e7ok \u00e7e\u015fitli renk ve desende mutfak mod\u00fclleri ile mutfa\u011f\u0131n\u0131z\u0131 kurma olana\u011f\u0131 vermektedir. Mod\u00fcllerin \u00f6l\u00e7\u00fclerindeki \u00e7e\u015fitlilik sayesinde her mutfa\u011fa uygun bir \u00e7\u00f6z\u00fcm mutlaka vard\u0131r.<\/p>\n<p>&nbsp;<\/p>\n<p>Dafita Mutfak, kullan\u0131lan t\u00fcm malzemelerin kolay temizlenir ve dayan\u0131kl\u0131 \u00fcretilmesi nedeni ile uzun y\u0131llar size sorunsuz hizmet sunar. Tek yapaca\u011f\u0131n\u0131z, Dafita Mutfak ma\u011fazas\u0131na giderek uzman sat\u0131\u015f elemanlar\u0131m\u0131z\u0131n yard\u0131m\u0131 ile size en uygun mutfa\u011f\u0131 ve aksesuarlar\u0131n\u0131 sipari\u015f etmektir. Sitemizde yer alan \u00fcr\u00fcnler \u00e7e\u015fitli zamanlarda m\u00fc\u015fterilerimiz i\u00e7in kendi zevk ve istekleri do\u011frultusunda, firmam\u0131zca imal edildi. Siz de mekan\u0131n\u0131z\u0131 de\u011fi\u015ftirmek; modern ya da klasik tarzda dekore ettirmek ya da elinizdeki mimari projede yer alan mobilyalar\u0131 tecr\u00fcbeli bir kadroya imal ettirmek isterseniz bizi arayabilirsiniz&#8230; Evinize teslim ediyor ve montaj\u0131n\u0131 yap\u0131yoruz&#8230;<\/p>\n<p><strong>Misyon:<\/strong><br \/>\nGeli\u015fen teknoloji \u0131\u015f\u0131\u011f\u0131nda, de\u011fi\u015fen m\u00fc\u015fteri isteklerine kalite ve d\u00fcr\u00fcstl\u00fck de\u011ferlerimizden \u00f6d\u00fcn vermeden zaman\u0131nda cevap vermek.<\/p>\n<p><strong>Vizyon:<\/strong><br \/>\nDafita markam\u0131zla sizin i\u00e7in g\u00fcven bizim i\u00e7inde g\u00fcven\u00e7\u2019in merkezi ve ifadesi olmak.<br \/>\n1965 y\u0131l\u0131nda ba\u015flad\u0131\u011f\u0131m\u0131z ah\u015fap do\u011frama ve haz\u0131r mutfak sekt\u00f6r\u00fcnde ge\u00e7mi\u015ften gelen bilgi ve deneyimimiz.Sizlerin bize olan g\u00fcveni.<br \/>\nKlasik \u00e7izgiler ile modern tasar\u0131mlar\u0131 kapsayan geni\u015f bir \u00fcr\u00fcn yelpazesi ile bilgisayar ortam\u0131nda desteklenen tasar\u0131mlar\u0131m\u0131z ile mutfaklar\u0131m\u0131z\u0131 sadece yemek pi\u015firilen bir mekan olmaktan \u00f6te k\u00fclt\u00fcr\u00fcm\u00fcz\u00fcn ifadesi olan ve geli\u015fen teknolojiler \u0131\u015f\u0131\u011f\u0131nda sizlerle bulu\u015facak mekanlar sunuyoruz.[\/vc_column_text][\/vc_column][vc_column width=&#8221;1\/2&#8243; rt_column_shadow=&#8221;&#8221; rt_bg_image_repeat=&#8221;repeat&#8221; rt_bg_size=&#8221;auto auto&#8221; rt_bg_attachment=&#8221;scroll&#8221; rt_bg_color=&#8221;&#8221; rt_bg_overlay_color=&#8221;&#8221; rt_padding_left=&#8221;30&#8243; rt_padding_right=&#8221;30&#8243; rt_margin_top=&#8221;-200&#8243;]<div  class=\"circle-slider\" data-background-images=\"https:\/\/www.dafita.com\/wp-content\/uploads\/2018\/02\/dafita-bant-750x660.jpg,https:\/\/www.dafita.com\/wp-content\/uploads\/2018\/02\/dafita-mutfak-19-720x750.jpg,https:\/\/www.dafita.com\/wp-content\/uploads\/2018\/02\/dafita-mutfak-26-750x720.jpg,https:\/\/www.dafita.com\/wp-content\/uploads\/2018\/02\/dafita-mutfak-29-720x750.jpg,https:\/\/www.dafita.com\/wp-content\/uploads\/2018\/02\/dafita-mutfak-banyo-39-750x720.jpg,https:\/\/www.dafita.com\/wp-content\/uploads\/2018\/02\/dafita-ofis-mobilya-1.jpg,https:\/\/www.dafita.com\/wp-content\/uploads\/2018\/02\/dafita-ofis-mobilya-2.jpg,https:\/\/www.dafita.com\/wp-content\/uploads\/2018\/02\/dafita-ofis-mobilya-10-750x639.jpg,https:\/\/www.dafita.com\/wp-content\/uploads\/2018\/02\/dafita-ofis-mobilya-12-750x720.jpg,https:\/\/www.dafita.com\/wp-content\/uploads\/2018\/02\/dafita-ofis-mobilya-21.jpg\">\n<div class=\"circle-one\"><\/div>\n<div class=\"circle-two\"><\/div>\n<div class=\"circle-three\"><\/div>\n<div class=\"circle-four\"><\/div>\n<\/div>\n[\/vc_column][\/vc_row]<\/p>\n","protected":false},"excerpt":{"rendered":"<p>[vc_row rt_row_background_width=&#8221;fullwidth&#8221; rt_row_content_width=&#8221;default&#8221; rt_row_style=&#8221;alt-style-2&#8243; rt_row_borders=&#8221;&#8221; rt_row_shadows=&#8221;&#8221; rt_row_paddings=&#8221;true&#8221; rt_bg_effect=&#8221;parallax&#8221; rt_bg_parallax_effect=&#8221;1&#8243; rt_bg_image_repeat=&#8221;repeat&#8221; rt_bg_size=&#8221;cover&#8221; rt_bg_position=&#8221;center top&#8221; rt_bg_video_format=&#8221;self-hosted&#8221; rt_bg_image=&#8221;35&#8243; rt_padding_top=&#8221;190&#8243; rt_padding_bottom=&#8221;0&#8243;][vc_column width=&#8221;1\/2&#8243; rt_column_shadow=&#8221;&#8221; rt_bg_image_repeat=&#8221;repeat&#8221; rt_bg_size=&#8221;auto auto&#8221; rt_bg_attachment=&#8221;scroll&#8221;][vc_empty_space height=&#8221;90px&#8221;][\/vc_column][vc_column width=&#8221;1\/2&#8243; rt_column_shadow=&#8221;&#8221; rt_bg_image_repeat=&#8221;repeat&#8221; rt_bg_size=&#8221;auto auto&#8221; rt_bg_attachment=&#8221;scroll&#8221;][vc_column_text][\/vc_column_text][\/vc_column][\/vc_row][vc_row rt_row_background_width=&#8221;fullwidth&#8221; rt_row_content_width=&#8221;default&#8221; rt_row_style=&#8221;default-style&#8221; rt_row_borders=&#8221;&#8221; rt_row_shadows=&#8221;&#8221; rt_row_paddings=&#8221;true&#8221; rt_bg_effect=&#8221;classic&#8221; rt_bg_image_repeat=&#8221;repeat&#8221; rt_bg_size=&#8221;cover&#8221; rt_bg_position=&#8221;right top&#8221; rt_bg_attachment=&#8221;scroll&#8221; rt_bg_video_format=&#8221;self-hosted&#8221; rt_padding_bottom=&#8221;160&#8243;][vc_column width=&#8221;1\/2&#8243; rt_column_shadow=&#8221;&#8221; rt_bg_image_repeat=&#8221;repeat&#8221; rt_bg_size=&#8221;auto auto&#8221; rt_bg_attachment=&#8221;scroll&#8221;][vc_column_text]Dafita Mutfak Banyo, sizlere \u00e7ok \u00e7e\u015fitli &#8230; <a class=\"more-link\" href=\"https:\/\/www.dafita.com\/index.php\/kurumsal\/\">Continue reading<\/a><\/p>\n","protected":false},"author":1,"featured_media":0,"parent":0,"menu_order":0,"comment_status":"closed","ping_status":"closed","template":"","meta":[],"_links":{"self":[{"href":"https:\/\/www.dafita.com\/index.php\/wp-json\/wp\/v2\/pages\/18"}],"collection":[{"href":"https:\/\/www.dafita.com\/index.php\/wp-json\/wp\/v2\/pages"}],"about":[{"href":"https:\/\/www.dafita.com\/index.php\/wp-json\/wp\/v2\/types\/page"}],"author":[{"embeddable":true,"href":"https:\/\/www.dafita.com\/index.php\/wp-json\/wp\/v2\/users\/1"}],"replies":[{"embeddable":true,"href":"https:\/\/www.dafita.com\/index.php\/wp-json\/wp\/v2\/comments?post=18"}],"version-history":[{"count":6,"href":"https:\/\/www.dafita.com\/index.php\/wp-json\/wp\/v2\/pages\/18\/revisions"}],"predecessor-version":[{"id":49,"href":"https:\/\/www.dafita.com\/index.php\/wp-json\/wp\/v2\/pages\/18\/revisions\/49"}],"wp:attachment":[{"href":"https:\/\/www.dafita.com\/index.php\/wp-json\/wp\/v2\/media?parent=18"}],"curies":[{"name":"wp","href":"https:\/\/api.w.org\/{rel}","templated":true}]}}